late the remainder when 9017683 is divided by 2385.
2383
What is the remainder when 195737536 is divided by 59?
21
Calculate the remainder when 916318 is divided by 2176.
222
Calculate the remainder when 49950 is divided by 66.
54
Calculate the remainder when 1997520 is divided by 289.
241
Calculate the remainder when 3068816 is divided by 383602.
0
What is the remainder when 68090397 is divided by 3360?
3357
Calculate the remainder when 23510844 is divided by 377.
370
Calculate the remainder when 28070856 is divided by 20.
16
What is the remainder when 19266989 is divided by 1122?
5
Calculate the remainder when 7450375 is divided by 33.
31
Calculate the remainder when 32765953 is divided by 895.
3
What is the remainder when 170451 is divided by 3319?
1182
What is the remainder when 2956988 is divided by 113725?
138
What is the remainder when 46640206 is divided by 38?
32
What is the remainder when 609578 is divided by 12229?
10357
Calculate the remainder when 96288 is divided by 96151.
137
What is the remainder when 3082321 is divided by 540?
1
Calculate the remainder when 359913765 is divided by 6.
3
What is the remainder when 527983 is divided by 15499?
1017
Calculate the remainder when 6985573 is divided by 211.
207
Calculate the remainder when 1942761 is divided by 158.
151
What is the remainder when 1358605 is divided by 6466?
745
Calculate the remainder when 18900336 is divided by 124.
8
What is the remainder when 493578 is divided by 768?
522
What is the remainder when 566948 is divided by 155?
113
What is the remainder when 4263284 is divided by 532907?
28
Calculate the remainder when 185676 is divided by 185666.
10
What is the remainder when 455881 is divided by 455854?
27
Calculate the remainder when 129751 is divided by 2760.
31
Calculate the remainder when 1300058671 is divided by 44.
43
What is the remainder when 10844344 is divided by 5422112?
120
What is the remainder when 132053 is divided by 132011?
42
What is the remainder when 22595002 is divided by 3671?
3668
Calculate the remainder when 1945712 is divided by 468.
236
Calculate the remainder when 1224555 is divided by 12241.
455
Calculate the remainder when 1191005 is divided by 14.
11
Calculate the remainder when 5693377 is divided by 68.
9
What is the remainder when 114444 is divided by 511?
491
Calculate the remainder when 724599 is divided by 120747.
117
What is the remainder when 41629844 is divided by 214?
210
What is the remainder when 490366 is divided by 2665?
6
What is the remainder when 602987 is divided by 166?
75
Calculate the remainder when 200490 is divided by 5424.
5226
What is the remainder when 15796 is divided by 5205?
181
Calculate the remainder when 77086 is divided by 6984.
262
Calculate the remainder when 3171953 is divided by 660.
653
What is the remainder when 426607 is divided by 10938?
25
What is the remainder when 52474 is divided by 3602?
2046
Calculate the remainder when 849527 is divided by 6583.
320
What is the remainder when 51751466 is divided by 25875720?
26
Calculate the remainder when 232792 is divided by 647.
519
What is the remainder when 185466 is divided by 135?
111
Calculate the remainder when 1979506 is divided by 160.
146
Calculate the remainder when 4377720 is divided by 757.
746
What is the remainder when 874770 is divided by 179?
176
Calculate the remainder when 19237 is divided by 1068.
13
What is the remainder when 846992 is divided by 21150?
992
Calculate the remainder when 13300894 is divided by 528.
46
Calculate the remainder when 56574 is divided by 182.
154
What is the remainder when 2305282 is divided by 109775?
7
What is the remainder when 4564020 is divided by 22048?
84
Calculate the remainder when 4910970 is divided by 517.
504
What is the remainder when 183927 is divided by 177065?
6862
Calculate the remainder when 251504 is divided by 124028.
3448
What is the remainder when 989718 is divided by 1163?
5
What is the remainder when 944281999 is divided by 85?
84
What is the remainder when 74667 is divided by 9298?
283
Calculate the remainder when 25842225 is divided by 68547.
6
Calculate the remainder when 106807 is divided by 53307.
193
What is the remainder when 30505970 is divided by 424?
18
What is the remainder when 643004 is divided by 9663?
5246
What is the remainder when 55663429 is divided by 2650639?
10
Calculate the remainder when 247049 is divided by 15184.
4105
Calculate the remainder when 1769981 is divided by 11.
4
What is the remainder when 731223 is divided by 158?
157
Calculate the remainder when 415685 is divided by 5618.
5571
Calculate the remainder when 1010258 is divided by 48.
2
What is the remainder when 337850 is divided by 48211?
373
What is the remainder when 21278698 is divided by 444?
442
Calculate the remainder when 11458680 is divided by 477445.
0
What is the remainder when 23632510 is divided by 792?
22
What is the remainder when 57399 is divided by 11469?
54
Calculate the remainder when 1119847 is divided by 405.
22
Calculate the remainder when 74810 is divided by 74788.
22
Calculate the remainder when 23081445 is divided by 70.
65
Calculate the remainder when 17214027 is divided by 85.
82
What is the remainder when 2927019 is divided by 5?
4
What is the remainder when 436345 is divided by 27?
25
Calculate the remainder when 1904452 is divided by 952217.
18
What is the remainder when 116763434 is divided by 1437?
1436
Calculate the remainder when 452417 is divided by 52.
17
Calculate the remainder when 1604383 is divided by 1395.
133
Calculate the remainder when 558043 is divided by 23.
17
What is the remainder when 12373 is divided by 5934?
505
Calculate the remainder when 4866164 is divided by 165.
149
What is the remainder when 508652 is divided by 797?
166
Calculate the remainder when 151538 is divided by 21294.
2480
Calculate the remainder when 53470 is divided by 457.
1
Calculate the remainder when 25971856 is divided by 6047.
6038
What is the remainder when 610535 is divided by 164?
127
What is the remainder when 382303 is divided by 138?
43
Calculate the remainder when 832948 is divided by 2954.
2874
What is the remainder when 3365794 is divided by 3365425?
369
Calculate the remainder when 2927873 is divided by 8965.
5283
What is the remainder when 121483 is divided by 1113?
166
Calculate the remainder when 13851 is divided by 733.
657
What is the remainder when 47512772 is divided by 2849?
2848
What is the remainder when 61154 is divided by 60535?
619
What is the remainder when 254513 is divided by 62572?
4225
What is the remainder when 324650055 is divided by 1167?
1158
Calculate the remainder when 24202007 is divided by 96.
23
What is the remainder when 659031 is divided by 17?
9
What is the remainder when 174694454 is divided by 2197?
2196
What is the remainder when 7949535 is divided by 794953?
5
Calculate the remainder when 7022274 is divided by 3511127.
20
Calculate the remainder when 1724510 is divided by 140.
130
What is the remainder when 92531 is divided by 953?
90
Calculate the remainder when 10630247 is divided by 1771704.
23
Calculate the remainder when 833094 is divided by 259.
150
What is the remainder when 113776835 is divided by 1661?
1657
What is the remainder when 387404225 is divided by 414?
413
What is the remainder when 589917 is divided by 2193?
0
What is the remainder when 1624835 is divided by 324879?
440
What is the remainder when 98168858 is divided by 413?
410
Calculate the remainder when 7267724 is divided by 54.
26
Calculate the remainder when 29565 is divided by 14782.
1
Calculate the remainder when 106040 is divided by 138.
56
What is the remainder when 766062 is divided by 254731?
1869
What is the remainder when 120466 is divided by 2362?
4
What is the remainder when 275719 is divided by 25062?
37
What is the remainder when 1561655 is divided by 51?
35
Calculate the remainder when 13715628 is divided by 106.
76
Calculate the remainder when 1329157 is divided by 664575.
7
What is the remainder when 20004339 is divided by 782?
779
What is the remainder when 30053151 is divided by 4252?
15
Calculate the remainder when 5924 is divided by 2004.
1916
Calculate the remainder when 36787227 is divided by 27743.
9
Calculate the remainder when 58901